 when 40384979 is divided by 49?
12
What is the remainder when 44383436 is divided by 1599?
1592
What is the remainder when 4412214 is divided by 249?
183
What is the remainder when 1789003 is divided by 894483?
37
What is the remainder when 17459 is divided by 2866?
263
What is the remainder when 15960867 is divided by 1962?
1959
What is the remainder when 329285 is divided by 17994?
5393
What is the remainder when 8394372 is divided by 1074?
1062
Calculate the remainder when 38815 is divided by 17218.
4379
What is the remainder when 61060244 is divided by 15?
14
What is the remainder when 7880022 is divided by 1795?
1767
Calculate the remainder when 38903061 is divided by 55735.
31
Calculate the remainder when 84515 is divided by 87.
38
Calculate the remainder when 957329 is divided by 1163.
180
What is the remainder when 173716 is divided by 57539?
1099
Calculate the remainder when 2953177 is divided by 1779.
37
Calculate the remainder when 936480 is divided by 233810.
1240
What is the remainder when 8013483 is divided by 572388?
51
Calculate the remainder when 386117 is divided by 1446.
35
What is the remainder when 3254648 is divided by 126?
68
Calculate the remainder when 74115 is divided by 218.
213
What is the remainder when 559923 is divided by 396?
375
What is the remainder when 558040 is divided by 652?
580
What is the remainder when 43798262 is divided by 21899129?
4
What is the remainder when 1895979 is divided by 14112?
4971
What is the remainder when 6003086 is divided by 2821?
2819
Calculate the remainder when 495619 is divided by 728.
579
Calculate the remainder when 18694 is divided by 540.
334
What is the remainder when 2911219 is divided by 45?
34
What is the remainder when 4440267 is divided by 70?
27
Calculate the remainder when 385776 is divided by 38475.
1026
What is the remainder when 9982373 is divided by 2356?
1
Calculate the remainder when 114795 is divided by 81.
18
Calculate the remainder when 25383909 is divided by 497723.
36
What is the remainder when 17138547 is divided by 22?
19
What is the remainder when 544929 is divided by 535?
299
Calculate the remainder when 3395522 is divided by 28.
18
Calculate the remainder when 630605 is divided by 310952.
8701
What is the remainder when 937614 is divided by 3?
0
Calculate the remainder when 353388 is divided by 2168.
4
What is the remainder when 2113675 is divided by 17?
14
What is the remainder when 401249 is divided by 583?
145
What is the remainder when 5795405 is divided by 29720?
5
Calculate the remainder when 164823 is divided by 1177.
43
Calculate the remainder when 122785 is divided by 29979.
2869
What is the remainder when 2109883 is divided by 432?
427
What is the remainder when 387345 is divided by 20362?
467
Calculate the remainder when 1184755 is divided by 108.
103
Calculate the remainder when 57125 is divided by 1723.
266
What is the remainder when 3342256 is divided by 38?
4
Calculate the remainder when 133109 is divided by 42892.
4433
What is the remainder when 135984773 is divided by 3920?
3893
What is the remainder when 258357 is divided by 36500?
2857
What is the remainder when 41252 is divided by 10305?
32
What is the remainder when 13798510 is divided by 234?
232
What is the remainder when 26648858 is divided by 20?
18
What is the remainder when 1259242 is divided by 140?
82
Calculate the remainder when 85102 is divided by 14168.
94
Calculate the remainder when 533472748 is divided by 15.
13
What is the remainder when 632939237 is divided by 170?
167
Calculate the remainder when 9173 is divided by 5039.
4134
What is the remainder when 3199226 is divided by 27?
23
What is the remainder when 5160273 is divided by 203?
13
What is the remainder when 4066427 is divided by 1216?
123
Calculate the remainder when 1635361 is divided by 44.
13
What is the remainder when 430620 is divided by 33104?
268
What is the remainder when 3281318 is divided by 3281304?
14
Calculate the remainder when 179142 is divided by 59625.
267
What is the remainder when 2609975 is divided by 24?
23
What is the remainder when 2337718569 is divided by 581?
578
What is the remainder when 195579 is divided by 23794?
5227
Calculate the remainder when 254876 is divided by 1633.
128
What is the remainder when 1151332 is divided by 236?
124
Calculate the remainder when 23601781 is divided by 335.
26
Calculate the remainder when 481183 is divided by 354.
97
What is the remainder when 817144 is divided by 28?
20
Calculate the remainder when 2787097 is divided by 1393265.
567
Calculate the remainder when 3768539 is divided by 5065.
179
What is the remainder when 3978507 is divided by 433?
103
What is the remainder when 390760 is divided by 2554?
2552
Calculate the remainder when 3195842 is divided by 3133.
182
What is the remainder when 16504060 is divided by 5542?
5526
Calculate the remainder when 1625208 is divided by 1359.
1203
Calculate the remainder when 30039466 is divided by 1501973.
6
Calculate the remainder when 44129 is divided by 4809.
848
Calculate the remainder when 283354 is divided by 88.
82
Calculate the remainder when 1069500 is divided by 235.
15
What is the remainder when 8470354 is divided by 1933?
1881
Calculate the remainder when 18422818 is divided by 1377.
1312
What is the remainder when 1672523 is divided by 557501?
20
What is the remainder when 110045 is divided by 8064?
5213
What is the remainder when 50949807 is divided by 71?
65
What is the remainder when 10760021 is divided by 192143?
13
Calculate the remainder when 50684799 is divided by 20.
19
What is the remainder when 61520489 is divided by 579?
2
What is the remainder when 316495 is divided by 825?
520
Calculate the remainder when 1261809 is divided by 114689.
230
What is the remainder when 217296650 is divided by 11?
10
Calculate the remainder when 21275532 is divided by 373.
358
What is the remainder when 364545 is divided by 3682?
27
What is the remainder when 4404339 is divided by 3229?
3212
What is the remainder when 48478467 is divided by 5?
2
What is the remainder when 14229477 is divided by 61?
7
Calculate the remainder when 937764322 is divided by 2781.
2779
What is the remainder when 22990313 is divided by 44?
5
Calculate the remainder when 569992310 is divided by 89.
87
What is the remainder when 192477 is divided by 38471?
122
What is the remainder when 1717821 is divided by 2830?
11
Calculate the remainder when 10835811 is divided by 15.
6
Calculate the remainder when 28246631 is divided by 9546.
17
Calculate the remainder when 422555 is divided by 1768.
3
What is the remainder when 3053229 is divided by 505?
504
Calculate the remainder when 320888 is divided by 914.
74
What is the remainder when 165560 is divided by 1144?
824
Calculate the remainder when 113789400 is divided by 19.
15
Calculate the remainder when 14493173 is divided by 51.
44
What is the remainder when 191025854 is divided by 940?
934
What is the remainder when 3739 is divided by 3349?
390
What is the remainder when 30806 is divided by 616?
6
What is the remainder when 3751247 is divided by 329?
318
What is the remainder when 37806 is divided by 3570?
2106
Calculate the remainder when 21539704 is divided by 21.
4
Calculate the remainder when 42326 is divided by 1053.
206
What is the remainder when 9645089 is divided by 15?
14
What is the remainder when 220789 is divided by 161?
58
What is the remainder when 23430221 is divided by 3294?
3293
What is the remainder when 7497965 is divided by 998?
989
What is the remainder when 49036 is divided by 24492?
52
What is the remainder when 2097625 is divided by 468?
49
What is the remainder when 11608597 is divided by 56627?
62
What is the remainder when 12370875 is divided by 78?
75
What is the remainder when 144112 is divided by 152?
16
Calculate the remainder when 152239323 is divided by 175.
173
What is the remainder when 133832 is divided by 33144?
1256
Calculate the remainder when 196967 is divided by 24.
23
What is the remainder when 128928 is divided by 9207?
30
What is the remainder when 82481 is divided by 11615?
1176
Calculate the remainder when 507184 is divided by 2167.
106
Calculate the remainder when 55872702 is divided by 1034679.
36
What is the remainder when 19